{"id":3099,"date":"2016-04-22T08:32:20","date_gmt":"2016-04-22T08:32:20","guid":{"rendered":"https:\/\/gerodan.es\/nuevaweb\/productos\/sillon-senna\/"},"modified":"2019-09-17T14:49:50","modified_gmt":"2019-09-17T14:49:50","slug":"senna-armchair-with-low-backrest","status":"publish","type":"product","link":"https:\/\/gerodan.es\/en\/products\/senna-armchair-with-low-backrest\/","title":{"rendered":"SENNA Armchair with low backrest"},"content":{"rendered":"<p>Reading-dining armchair with backrest and upholstered seat, curved arms, ergonomic seat. Structure made of first quality beech wood, dried at 9\u00ba humidity and clean of knots and spots.<\/p>\n<p>Structure of great rigidity with curved arms and tongue and groove glued. Upholstered with vinyl fabrics with antimicrobial protection, antibacterial, antifungal and abrasion resistant. Easy to clean and maintain. Insensitive to light.<\/p>\n<p>Solid beech varnished with plywood.<\/p>\n<p><strong>Additional Features:<\/strong> High density seat foam. Upholstered with vinyl fabrics with high resistance to abrasion M2, M1<\/p>\n","protected":false},"excerpt":{"rendered":"<p>Sill\u00f3n NELY de l\u00edneas cuadradas para equipar zonas de lectura, habitaci\u00f3n o comedores. Dimensiones H86xF55xA57. Estructura de haya con brazos, asiento y respaldo tapizados. Suspensi\u00f3n cincha cubierta de alta calidad.<\/p>\n<p>Espumas de alta densidad en asiento. Tapizados con telas vin\u00edlicas con protecci\u00f3n antimicrobial, antibacterial, antimic\u00f3tica y resistente a la abrasi\u00f3n. F\u00e1ciles de limpiar y mantener. Insensibles a la luz.<\/p>\n","protected":false},"featured_media":3101,"template":"","meta":{"_acf_changed":false},"grado-de-dependencia":[479],"product_brand":[],"product_cat":[227,228],"product_tag":[],"class_list":{"0":"post-3099","1":"product","2":"type-product","3":"status-publish","4":"has-post-thumbnail","6":"grado-de-dependencia-moderate-assistance","7":"product_cat-chairs-and-armchairs","8":"product_cat-chairs-with-arms","10":"first","11":"instock","12":"shipping-taxable","13":"product-type-simple"},"acf":[],"yoast_head":"<!-- This site is optimized with the Yoast SEO plugin v27.4 - https:\/\/yoast.com\/product\/yoast-seo-wordpress\/ -->\n<title>SENNA Armchair with low backrest - Gerodan<\/title>\n<meta name=\"robots\" content=\"index, follow, max-snippet:-1, max-image-preview:large, max-video-preview:-1\" \/>\n<link rel=\"canonical\" href=\"https:\/\/gerodan.es\/en\/products\/senna-armchair-with-low-backrest\/\" \/>\n<meta property=\"og:locale\" content=\"en_US\" \/>\n<meta property=\"og:type\" content=\"article\" \/>\n<meta property=\"og:title\" content=\"SENNA Armchair with low backrest - Gerodan\" \/>\n<meta property=\"og:description\" content=\"Sill\u00f3n NELY de l\u00edneas cuadradas para equipar zonas de lectura, habitaci\u00f3n o comedores. Dimensiones H86xF55xA57. Estructura de haya con brazos, asiento y respaldo tapizados. Suspensi\u00f3n cincha cubierta de alta calidad.  Espumas de alta densidad en asiento. Tapizados con telas vin\u00edlicas con protecci\u00f3n antimicrobial, antibacterial, antimic\u00f3tica y resistente a la abrasi\u00f3n. F\u00e1ciles de limpiar y mantener. Insensibles a la luz.\" \/>\n<meta property=\"og:url\" content=\"https:\/\/gerodan.es\/en\/products\/senna-armchair-with-low-backrest\/\" \/>\n<meta property=\"og:site_name\" content=\"Gerodan\" \/>\n<meta property=\"article:modified_time\" content=\"2019-09-17T14:49:50+00:00\" \/>\n<meta property=\"og:image\" content=\"https:\/\/gerodan.es\/wp-content\/uploads\/2017\/11\/silla_sena_SINhueco.jpg\" \/>\n\t<meta property=\"og:image:width\" content=\"887\" \/>\n\t<meta property=\"og:image:height\" content=\"887\" \/>\n\t<meta property=\"og:image:type\" content=\"image\/jpeg\" \/>\n<meta name=\"twitter:card\" content=\"summary_large_image\" \/>\n<script type=\"application\/ld+json\" class=\"yoast-schema-graph\">{\"@context\":\"https:\\\/\\\/schema.org\",\"@graph\":[{\"@type\":\"WebPage\",\"@id\":\"https:\\\/\\\/gerodan.es\\\/en\\\/products\\\/senna-armchair-with-low-backrest\\\/\",\"url\":\"https:\\\/\\\/gerodan.es\\\/en\\\/products\\\/senna-armchair-with-low-backrest\\\/\",\"name\":\"SENNA Armchair with low backrest - Gerodan\",\"isPartOf\":{\"@id\":\"https:\\\/\\\/gerodan.es\\\/en\\\/#website\"},\"primaryImageOfPage\":{\"@id\":\"https:\\\/\\\/gerodan.es\\\/en\\\/products\\\/senna-armchair-with-low-backrest\\\/#primaryimage\"},\"image\":{\"@id\":\"https:\\\/\\\/gerodan.es\\\/en\\\/products\\\/senna-armchair-with-low-backrest\\\/#primaryimage\"},\"thumbnailUrl\":\"https:\\\/\\\/gerodan.es\\\/wp-content\\\/uploads\\\/2017\\\/11\\\/silla_sena_SINhueco.jpg\",\"datePublished\":\"2016-04-22T08:32:20+00:00\",\"dateModified\":\"2019-09-17T14:49:50+00:00\",\"breadcrumb\":{\"@id\":\"https:\\\/\\\/gerodan.es\\\/en\\\/products\\\/senna-armchair-with-low-backrest\\\/#breadcrumb\"},\"inLanguage\":\"en-US\",\"potentialAction\":[{\"@type\":\"ReadAction\",\"target\":[\"https:\\\/\\\/gerodan.es\\\/en\\\/products\\\/senna-armchair-with-low-backrest\\\/\"]}]},{\"@type\":\"ImageObject\",\"inLanguage\":\"en-US\",\"@id\":\"https:\\\/\\\/gerodan.es\\\/en\\\/products\\\/senna-armchair-with-low-backrest\\\/#primaryimage\",\"url\":\"https:\\\/\\\/gerodan.es\\\/wp-content\\\/uploads\\\/2017\\\/11\\\/silla_sena_SINhueco.jpg\",\"contentUrl\":\"https:\\\/\\\/gerodan.es\\\/wp-content\\\/uploads\\\/2017\\\/11\\\/silla_sena_SINhueco.jpg\",\"width\":887,\"height\":887},{\"@type\":\"BreadcrumbList\",\"@id\":\"https:\\\/\\\/gerodan.es\\\/en\\\/products\\\/senna-armchair-with-low-backrest\\\/#breadcrumb\",\"itemListElement\":[{\"@type\":\"ListItem\",\"position\":1,\"name\":\"Home\",\"item\":\"https:\\\/\\\/gerodan.es\\\/en\\\/\"},{\"@type\":\"ListItem\",\"position\":2,\"name\":\"Products for Residential Homes\",\"item\":\"https:\\\/\\\/gerodan.es\\\/en\\\/residential-home-products\\\/\"},{\"@type\":\"ListItem\",\"position\":3,\"name\":\"SENNA Armchair with low backrest\"}]},{\"@type\":\"WebSite\",\"@id\":\"https:\\\/\\\/gerodan.es\\\/en\\\/#website\",\"url\":\"https:\\\/\\\/gerodan.es\\\/en\\\/\",\"name\":\"Gerodan\",\"description\":\"Venta de mobiliario adaptado a personas mayores\",\"potentialAction\":[{\"@type\":\"SearchAction\",\"target\":{\"@type\":\"EntryPoint\",\"urlTemplate\":\"https:\\\/\\\/gerodan.es\\\/en\\\/?s={search_term_string}\"},\"query-input\":{\"@type\":\"PropertyValueSpecification\",\"valueRequired\":true,\"valueName\":\"search_term_string\"}}],\"inLanguage\":\"en-US\"}]}<\/script>\n<!-- \/ Yoast SEO plugin. -->","yoast_head_json":{"title":"SENNA Armchair with low backrest - Gerodan","robots":{"index":"index","follow":"follow","max-snippet":"max-snippet:-1","max-image-preview":"max-image-preview:large","max-video-preview":"max-video-preview:-1"},"canonical":"https:\/\/gerodan.es\/en\/products\/senna-armchair-with-low-backrest\/","og_locale":"en_US","og_type":"article","og_title":"SENNA Armchair with low backrest - Gerodan","og_description":"Sill\u00f3n NELY de l\u00edneas cuadradas para equipar zonas de lectura, habitaci\u00f3n o comedores. Dimensiones H86xF55xA57. Estructura de haya con brazos, asiento y respaldo tapizados. Suspensi\u00f3n cincha cubierta de alta calidad.  Espumas de alta densidad en asiento. Tapizados con telas vin\u00edlicas con protecci\u00f3n antimicrobial, antibacterial, antimic\u00f3tica y resistente a la abrasi\u00f3n. F\u00e1ciles de limpiar y mantener. Insensibles a la luz.","og_url":"https:\/\/gerodan.es\/en\/products\/senna-armchair-with-low-backrest\/","og_site_name":"Gerodan","article_modified_time":"2019-09-17T14:49:50+00:00","og_image":[{"width":887,"height":887,"url":"https:\/\/gerodan.es\/wp-content\/uploads\/2017\/11\/silla_sena_SINhueco.jpg","type":"image\/jpeg"}],"twitter_card":"summary_large_image","schema":{"@context":"https:\/\/schema.org","@graph":[{"@type":"WebPage","@id":"https:\/\/gerodan.es\/en\/products\/senna-armchair-with-low-backrest\/","url":"https:\/\/gerodan.es\/en\/products\/senna-armchair-with-low-backrest\/","name":"SENNA Armchair with low backrest - Gerodan","isPartOf":{"@id":"https:\/\/gerodan.es\/en\/#website"},"primaryImageOfPage":{"@id":"https:\/\/gerodan.es\/en\/products\/senna-armchair-with-low-backrest\/#primaryimage"},"image":{"@id":"https:\/\/gerodan.es\/en\/products\/senna-armchair-with-low-backrest\/#primaryimage"},"thumbnailUrl":"https:\/\/gerodan.es\/wp-content\/uploads\/2017\/11\/silla_sena_SINhueco.jpg","datePublished":"2016-04-22T08:32:20+00:00","dateModified":"2019-09-17T14:49:50+00:00","breadcrumb":{"@id":"https:\/\/gerodan.es\/en\/products\/senna-armchair-with-low-backrest\/#breadcrumb"},"inLanguage":"en-US","potentialAction":[{"@type":"ReadAction","target":["https:\/\/gerodan.es\/en\/products\/senna-armchair-with-low-backrest\/"]}]},{"@type":"ImageObject","inLanguage":"en-US","@id":"https:\/\/gerodan.es\/en\/products\/senna-armchair-with-low-backrest\/#primaryimage","url":"https:\/\/gerodan.es\/wp-content\/uploads\/2017\/11\/silla_sena_SINhueco.jpg","contentUrl":"https:\/\/gerodan.es\/wp-content\/uploads\/2017\/11\/silla_sena_SINhueco.jpg","width":887,"height":887},{"@type":"BreadcrumbList","@id":"https:\/\/gerodan.es\/en\/products\/senna-armchair-with-low-backrest\/#breadcrumb","itemListElement":[{"@type":"ListItem","position":1,"name":"Home","item":"https:\/\/gerodan.es\/en\/"},{"@type":"ListItem","position":2,"name":"Products for Residential Homes","item":"https:\/\/gerodan.es\/en\/residential-home-products\/"},{"@type":"ListItem","position":3,"name":"SENNA Armchair with low backrest"}]},{"@type":"WebSite","@id":"https:\/\/gerodan.es\/en\/#website","url":"https:\/\/gerodan.es\/en\/","name":"Gerodan","description":"Venta de mobiliario adaptado a personas mayores","potentialAction":[{"@type":"SearchAction","target":{"@type":"EntryPoint","urlTemplate":"https:\/\/gerodan.es\/en\/?s={search_term_string}"},"query-input":{"@type":"PropertyValueSpecification","valueRequired":true,"valueName":"search_term_string"}}],"inLanguage":"en-US"}]}},"_links":{"self":[{"href":"https:\/\/gerodan.es\/en\/wp-json\/wp\/v2\/product\/3099","targetHints":{"allow":["GET"]}}],"collection":[{"href":"https:\/\/gerodan.es\/en\/wp-json\/wp\/v2\/product"}],"about":[{"href":"https:\/\/gerodan.es\/en\/wp-json\/wp\/v2\/types\/product"}],"wp:featuredmedia":[{"embeddable":true,"href":"https:\/\/gerodan.es\/en\/wp-json\/wp\/v2\/media\/3101"}],"wp:attachment":[{"href":"https:\/\/gerodan.es\/en\/wp-json\/wp\/v2\/media?parent=3099"}],"wp:term":[{"taxonomy":"grado-de-dependencia","embeddable":true,"href":"https:\/\/gerodan.es\/en\/wp-json\/wp\/v2\/grado-de-dependencia?post=3099"},{"taxonomy":"product_brand","embeddable":true,"href":"https:\/\/gerodan.es\/en\/wp-json\/wp\/v2\/product_brand?post=3099"},{"taxonomy":"product_cat","embeddable":true,"href":"https:\/\/gerodan.es\/en\/wp-json\/wp\/v2\/product_cat?post=3099"},{"taxonomy":"product_tag","embeddable":true,"href":"https:\/\/gerodan.es\/en\/wp-json\/wp\/v2\/product_tag?post=3099"}],"curies":[{"name":"wp","href":"https:\/\/api.w.org\/{rel}","templated":true}]}}

<p>Reading-dining armchair with backrest and upholstered seat, curved arms, ergonomic seat. Structure made of first quality beech wood, dried at 9º humidity and clean of knots and spots.</p>
<p>Structure of great rigidity with curved arms and tongue and groove glued. Upholstered with vinyl fabrics with antimicrobial protection, antibacterial, antifungal and abrasion resistant. Easy to clean and maintain. Insensitive to light.</p>
<p>Solid beech varnished with plywood.</p>
<p><strong>Additional Features:</strong> High density seat foam. Upholstered with vinyl fabrics with high resistance to abrasion M2, M1</p>

<p>Sillón NELY de líneas cuadradas para equipar zonas de lectura, habitación o comedores. Dimensiones H86xF55xA57. Estructura de haya con brazos, asiento y respaldo tapizados. Suspensión cincha cubierta de alta calidad.</p>
<p>Espumas de alta densidad en asiento. Tapizados con telas vinílicas con protección antimicrobial, antibacterial, antimicótica y resistente a la abrasión. Fáciles de limpiar y mantener. Insensibles a la luz.</p>

<!-- This site is optimized with the Yoast SEO plugin v27.4 - https://yoast.com/product/yoast-seo-wordpress/ -->
<title>SENNA Armchair with low backrest - Gerodan</title>
<meta name="robots" content="index, follow, max-snippet:-1, max-image-preview:large, max-video-preview:-1" />
<link rel="canonical" href="https://gerodan.es/en/products/senna-armchair-with-low-backrest/" />
<meta property="og:locale" content="en_US" />
<meta property="og:type" content="article" />
<meta property="og:title" content="SENNA Armchair with low backrest - Gerodan" />
<meta property="og:description" content="Sillón NELY de líneas cuadradas para equipar zonas de lectura, habitación o comedores. Dimensiones H86xF55xA57. Estructura de haya con brazos, asiento y respaldo tapizados. Suspensión cincha cubierta de alta calidad.  Espumas de alta densidad en asiento. Tapizados con telas vinílicas con protección antimicrobial, antibacterial, antimicótica y resistente a la abrasión. Fáciles de limpiar y mantener. Insensibles a la luz." />
<meta property="og:url" content="https://gerodan.es/en/products/senna-armchair-with-low-backrest/" />
<meta property="og:site_name" content="Gerodan" />
<meta property="article:modified_time" content="2019-09-17T14:49:50+00:00" />
<meta property="og:image" content="https://gerodan.es/wp-content/uploads/2017/11/silla_sena_SINhueco.jpg" />
	<meta property="og:image:width" content="887" />
	<meta property="og:image:height" content="887" />
	<meta property="og:image:type" content="image/jpeg" />
<meta name="twitter:card" content="summary_large_image" />
<script type="application/ld+json" class="yoast-schema-graph">{"@context":"https:\/\/schema.org","@graph":[{"@type":"WebPage","@id":"https:\/\/gerodan.es\/en\/products\/senna-armchair-with-low-backrest\/","url":"https:\/\/gerodan.es\/en\/products\/senna-armchair-with-low-backrest\/","name":"SENNA Armchair with low backrest - Gerodan","isPartOf":{"@id":"https:\/\/gerodan.es\/en\/#website"},"primaryImageOfPage":{"@id":"https:\/\/gerodan.es\/en\/products\/senna-armchair-with-low-backrest\/#primaryimage"},"image":{"@id":"https:\/\/gerodan.es\/en\/products\/senna-armchair-with-low-backrest\/#primaryimage"},"thumbnailUrl":"https:\/\/gerodan.es\/wp-content\/uploads\/2017\/11\/silla_sena_SINhueco.jpg","datePublished":"2016-04-22T08:32:20+00:00","dateModified":"2019-09-17T14:49:50+00:00","breadcrumb":{"@id":"https:\/\/gerodan.es\/en\/products\/senna-armchair-with-low-backrest\/#breadcrumb"},"inLanguage":"en-US","potentialAction":[{"@type":"ReadAction","target":["https:\/\/gerodan.es\/en\/products\/senna-armchair-with-low-backrest\/"]}]},{"@type":"ImageObject","inLanguage":"en-US","@id":"https:\/\/gerodan.es\/en\/products\/senna-armchair-with-low-backrest\/#primaryimage","url":"https:\/\/gerodan.es\/wp-content\/uploads\/2017\/11\/silla_sena_SINhueco.jpg","contentUrl":"https:\/\/gerodan.es\/wp-content\/uploads\/2017\/11\/silla_sena_SINhueco.jpg","width":887,"height":887},{"@type":"BreadcrumbList","@id":"https:\/\/gerodan.es\/en\/products\/senna-armchair-with-low-backrest\/#breadcrumb","itemListElement":[{"@type":"ListItem","position":1,"name":"Home","item":"https:\/\/gerodan.es\/en\/"},{"@type":"ListItem","position":2,"name":"Products for Residential Homes","item":"https:\/\/gerodan.es\/en\/residential-home-products\/"},{"@type":"ListItem","position":3,"name":"SENNA Armchair with low backrest"}]},{"@type":"WebSite","@id":"https:\/\/gerodan.es\/en\/#website","url":"https:\/\/gerodan.es\/en\/","name":"Gerodan","description":"Venta de mobiliario adaptado a personas mayores","potentialAction":[{"@type":"SearchAction","target":{"@type":"EntryPoint","urlTemplate":"https:\/\/gerodan.es\/en\/?s={search_term_string}"},"query-input":{"@type":"PropertyValueSpecification","valueRequired":true,"valueName":"search_term_string"}}],"inLanguage":"en-US"}]}</script>
<!-- / Yoast SEO plugin. -->

Sillón NELY de líneas cuadradas para equipar zonas de lectura, habitación o comedores. Dimensiones H86xF55xA57. Estructura de haya con brazos, asiento y respaldo tapizados. Suspensión cincha cubierta de alta calidad.  Espumas de alta densidad en asiento. Tapizados con telas vinílicas con protección antimicrobial, antibacterial, antimicótica y resistente a la abrasión. Fáciles de limpiar y mantener. Insensibles a la luz.
